se -2*v = 2, -21*f + 22*f - 7455 = 4*v. What is the units digit of f?
1
Let h(y) = -18*y + 35*y + 351*y**2 - 18*y. What is the tens digit of h(-1)?
5
Suppose 3*g + 11*r - 9*r - 33977 = 0, 5*g + r = 56626. What is the tens digit of g?
2
Suppose -f - 7 = 2*h - 2, 0 = 5*h - f - 5. Let d(q) = 0 + 6 + q**2 - 36*q + 22*q + h. What is the tens digit of d(16)?
3
Let z be -3 - -6 - 1407 - 4. Let f = -241 - z. What is the thousands digit of f?
1
Suppose 16*q - 9828 = 4*q. Suppose -6120 = -19*c - q. What is the hundreds digit of c?
2
Let y(q) be the third derivative of -q**4/6 - 17*q**3/3 + 3*q**2. Let u be y(-8). What is the units digit of u/11 - (3 + (-90)/11)?
5
Let d(i) = -213*i**3 + 7*i**2 + 5*i - 19. What is the units digit of d(-4)?
5
Let c(v) = v**2 - 9*v - 29. Let s be c(12). Let o be 3 + 7/(28/372). Let q = o - s. What is the units digit of q?
9
Let m(h) = -h**3 - 2*h**2 - 22*h - 44. Let g be m(-2). Suppose -1786 = -3*z + 5*w, g = -2*z + 5*z - 4*w - 1787. What is the hundreds digit of z?
5
Let w be 182/70 + (-2)/(-5). Let c(b) = 4*b**w - 2*b**3 - 3*b**3 + 3*b**2 - 2*b**2 + 5*b - 9. What is the units digit of c(-5)?
6
Suppose 3*t - 31 + 4 = 0. Suppose -t*d + 2261 = -7*d - 3*y, 0 = 2*d - y - 2259. What is the units digit of d?
9
Suppose 161 = 7*t + 819. What is the hundreds digit of (-19)/(-5 + t/(-19))?
3
Suppose -5*x + b - 410 = -2*x, 4*b = -16. Let c = -71 - x. What is the units digit of c?
7
Let g = 49 - 93. Let x = g + 79. Let m = 13 + x. What is the tens digit of m?
4
Let x be 61*1 - (9 + -4). Let j be (25/4)/((-2)/x). Let i = j + 337. What is the hundreds digit of i?
1
Let r = -34 - -37. Let o(l) = -19*l**2 - 4*l - 3. Let y(f) = 19*f**2 + 4*f + 2. Let m(a) = 5*o(a) + 6*y(a). What is the hundreds digit of m(r)?
1
Suppose 5*u + r = 6807, -11*u - 2*r + 5442 = -7*u. Let c = u + -522. What is the hundreds digit of c?
8
Suppose 4 = -c - 0*c, 5*c = 4*b - 56. Suppose -3*n - b*n = -3564. What is the tens digit of n?
9
Let p = 20 + 15. Suppose -25*l + p*l = 1650. What is the tens digit of l?
6
Let p = 23738 + -21422. What is the hundreds digit of p?
3
Let n be (-8)/((-24)/21) - 4. Suppose -n*d + 3101 = a, 0*a = -3*d + 2*a + 3104. What is the hundreds digit of d?
0
Suppose 2 = -s + 7. Suppose -2*r + 19 = 5*k, 0 + 23 = 4*r + s*k. Suppose b + 15 = r*d, 10 = 3*d + 4*b - 3*b. What is the units digit of d?
5
Suppose -808*c + 1079*c - 12725889 = 0. What is the ten thousands digit of c?
4
Suppose 15726 = 169*v - 164*v + j, -4*j + 15714 = 5*v. What is the thousands digit of v?
3
Let x be 1/((-4)/232*2). Let h = x - -29. Suppose h = 7*f + 177 - 1605. What is the hundreds digit of f?
2
Let a(t) = t**2 - 4*t + 57. Let h = 245 + -220. What is the hundreds digit of a(h)?
5
Suppose 20 = -v + 23. Let s(f) = 6*f - 16. Let u be s(v). What is the tens digit of ((-1870)/102)/(u/(-30))?
7
Let v = 5 + -83. Let g be 596*(-4 - 34/(-8)). Let m = v + g. What is the tens digit of m?
7
Suppose -1921*n = -1917*n - 13568. What is the tens digit of n?
9
Suppose n + 135 = -14*n. Let u(a) = -a**3 - 4*a**2 + 3*a + 32. What is the units digit of u(n)?
0
Suppose 22 = t - g, -2*t + 68 = 2*t + g. Suppose h + 3*h - c = 4, -h - 4*c = -t. What is the units digit of 3/(h + (-79)/40)?
0
Let r = -37223 - -55940. What is the ten thousands digit of r?
1
Let y = 107379 - 50424. What is the tens digit of y?
5
Let d(b) be the first derivative of -69*b**2/2 - 181*b + 264. What is the hundreds digit of d(-6)?
2
What is the thousands digit of (-1 - -47)*(11 - (-2910)/4)?
3
Let q = -793 - -1454. Let b = 406 + q. What is the thousands digit of b?
1
Let u = -234 + -237. Let m = 671 + u. What is the tens digit of m?
0
Let h be (10 - (-4)/(-4))*8/(-12). Let c(n) = -2*n**3 - 4*n**2 + 18*n + 19. What is the hundreds digit of c(h)?
1
Let v = 569 + -311. Let q = v + -256. What is the units digit of q?
2
Suppose -33*p + 276522 = -577601 + 217058. What is the units digit of p?
5
Let h(o) = 61*o**2 + 10*o + 35. Let f be h(-4). Suppose -4*u - 1085 = -4*l + f, -20 = -5*u. What is the tens digit of l?
1
Let l be -26*((-14)/10 - (-12)/30). Suppose -v + 4*i + 17 - 5 = 0, 5*v - 3*i = l. Suppose -v*k = 2*k - 822. What is the tens digit of k?
3
Let q(p) = p**2 - 3*p**2 + 2*p**2 - 44 + 2*p**2 + 3*p. What is the units digit of q(-11)?
5
What is the units digit of 19000/(-56)*(-8 - -7) - 2/7?
9
Suppose 52*p - 3*j = 47*p + 13377, 4*j - 8003 = -3*p. What is the tens digit of p?
7
Let y = 57440 + -12519. What is the tens digit of y?
2
Suppose 39906 - 161034 = -21*k. What is the tens digit of k?
6
Let t(q) = 22*q**2 - 128*q + 346. What is the hundreds digit of t(40)?
4
Let v = -1232 + 1864. Let x = 918 - v. What is the units digit of x?
6
Suppose 4*m = 2*s + 8, 4*s - 42*m - 5 = -41*m. Suppose -n - s*v - 484 = -3*n, 3*n + 2*v - 716 = 0. What is the tens digit of n?
4
Let m be (-6)/8 - (-990)/264. Suppose 1866 = 4*b - m*c, 3*c - 475 = -b + 8*c. What is the tens digit of b?
6
Suppose 0 = -4*n - 18*n + 16016. Let w = n - 266. What is the units digit of w?
2
Let u = -31278 - -75772. What is the hundreds digit of u?
4
Let r(u) = 2*u**3 + u**2 + 3*u - 25. Let d be r(5). Suppose d = 9*b + 40. What is the tens digit of b?
2
Let n(b) = 6*b**3 - 82*b**2 + 8*b + 13. What is the ten thousands digit of n(21)?
1
Let f(i) = -i**3 + 104*i**2 + 573*i - 961. What is the hundreds digit of f(107)?
0
Let r(a) = -55*a - 62. Let m be r(-2). Suppose -70*s + 32516 = -m*s. What is the hundreds digit of s?
4
Suppose -11*h = -16 + 27. What is the thousands digit of h*10/(-2)*(0 - -233)?
1
Let y = -7466 + 17990. What is the hundreds digit of y?
5
Suppose -50*i + 76 = -46*i. Suppose -6*t + i*t - 4121 = 0. What is the tens digit of t?
1
Suppose -5*b + 47 = 3*r + 1, 5*b = 25. Let y(a) = 17 - 6*a + 41 + r - 34. What is the tens digit of y(-9)?
8
Let y(l) = l + 8. Let b be y(-7). Let u(f) be the third derivative of 49*f**6/40 - f**3/6 - 148*f**2. What is the tens digit of u(b)?
4
Let l(g) = 391*g - 21. Let d be l(8). Suppose d - 251 = 6*c. Let p = c - 216. What is the hundreds digit of p?
2
Suppose -3*b + o - 2*o = -502, 5*b - 850 = -5*o. Let t = 1060 - b. What is the tens digit of t/8 - (-2)/(-24)*-3?
1
Let g = 19 - 18. Suppose 5*h - 116 = 2*j - 0*j, 2*h + 5*j = 58. What is the tens digit of g*(-4)/(-6) + 1472/h?
6
Let x(d) = 6964*d - 1030. What is the hundreds digit of x(1)?
9
Let v = -8225 + 31445. What is the tens digit of v?
2
Suppose 3*x + 4*a = -1, -6*x - 4*a = -5*x + 11. Suppose 2*y + 22 = 4*g, 2*g = x*y - 0*g + 31. What is the units digit of ((-935)/y + 1 + 1)*1?
9
Let k(j) = -57*j**3 - 3*j - 3. Let v be k(-1). Suppose -60*x = -v*x - 12. Suppose -h + 664 = 3*o, -3*h = x*o + h - 888. What is the hundreds digit of o?
2
Let r(m) = -246*m - 17. Let f be r(-3). Suppose -5*k = 4*a - f, -4*a = -7*k + 4*k - 713. What is the hundreds digit of a?
1
Suppose 0 = -2*l + 3*a + 419, 0 = 4*a - 2*a + 6. Let z = l - 95. What is the tens digit of z?
1
Suppose -8*h = -21*h - 17329. Let d = -650 - h. What is the tens digit of d?
8
Suppose 5*b = -4*j + 39510, 5*j - 15788 = 2*b + 33616. What is the units digit of j?
0
What is the tens digit of 56/(-16)*(-3 - (-76964)/(-28))?
3
Suppose 0 = -3*g + 618 + 84. Let f = g - 170. What is the tens digit of f?
6
Suppose 12 = 4*q + 3*a, -5*q - 2*a + 35 = 13. Let h = q + -6. What is the tens digit of 188*((-4)/(-8) + h)?
9
Let c = -657 - -1692. What is the tens digit of (3 - c/6)*34/(-17)?
3
Let y(c) = 5466*c - 849. What is the units digit of y(3)?
9
Suppose 0 = 7*f + 5 + 9. Let r be ((-2)/(-4) + 1/f)/1. Suppose 3*n + g - 568 = -0*g, r = -2*n + 5*g + 373. What is the tens digit of n?
8
Let z(p) = -4*p + 57. Let m = 43 + -38. Suppose 0 = 2*k - 5 + m. What is the tens digit of z(k)?
5
Suppose -5*p = 3*r - 21978 - 19966, 4*p = -3*r + 41942. What is the tens digit of r?
7
Let l(g) = -g + 11. Let b be l(-5). Suppose 5*i - 297 = b*i. What is the units digit of (i/12)/3*-4 + 0?
3
Suppose i + 4*m - 6400 = 0, 0*i - 3*i + 19148 = -m. What is the units digit of i?
4
Suppose 3*y = 3*r - 1323, -41*r = -37*r - 2*y - 1756. What is the units digit of r?
7
Let y = -19756 + 43587. What is the thousands digit of y?
3
Suppose 0 = 75*t + 4*t - 367034. What is the tens digit of t?
4
Let t = 173 - 111. Suppose 7 = -2*q + 1, -3*q = 3*b. Suppose 0*l = b*l 